 i(-1).
2
Let k = 49 - -39. List the prime factors of k.
2, 11
Let f = -35 + 65. What are the prime factors of f?
2, 3, 5
Let u(z) = 8*z**2 + 2*z + 2. What are the prime factors of u(-1)?
2
Let a be ((2 - 3) + -1)*-7. Let j = 33 - a. What are the prime factors of j?
19
Let z be (-2)/(-5) + (-126)/(-35). Suppose 7 = -d + 2*d - z*w, -3*w = -d + 10. List the prime factors of d.
19
Let q = 21 + 23. List the prime factors of q.
2, 11
List the prime factors of (-1212)/(-30) + 2/(-5).
2, 5
Let w = 0 + 0. Suppose w*n - 5*n + 25 = 0. What are the prime factors of n?
5
Let m(h) = h**3 + 14*h**2 + 12*h + 4. Let w be m(-13). Let q = w - 6. List the prime factors of q.
11
Let j = -1 + 3. Suppose t - 45 = -j*t. List the prime factors of t.
3, 5
Let u(j) be the third derivative of j**8/20160 - j**7/720 + j**6/360 - j**5/30 + j**2. Let i(r) be the third derivative of u(r). List the prime factors of i(7).
2
Let o(r) = 3*r**3 - 2. List the prime factors of o(3).
79
Suppose u = 5*u - 208. List the prime factors of u.
2, 13
Let s(f) be the second derivative of f**5/20 - f**4/12 - 2*f**3/3 - f**2/2 - 4*f. Let o be s(3). Let l = 3 + o. List the prime factors of l.
2
Let m(k) = -k**3 - 9*k**2 - 10*k - 12. Let j = -10 - -26. Suppose -5*o - j = -3*o. What are the prime factors of m(o)?
2
Let z(d) = -d**3 - 5*d**2 - 2*d - 2. Let i(s) = s**2 + 5*s + 1. Let k be i(-3). List the prime factors of z(k).
2
Let l(x) be the third derivative of -x**4/12 + x**3/2 - x**2. Suppose 0 = w - 0*w + 4. What are the prime factors of l(w)?
11
Suppose -725 = -3*p - 239. What are the prime factors of p?
2, 3
Suppose -5*d - 4*j + 257 = -2*j, -5*d = -3*j - 252. List the prime factors of d.
3, 17
Let j(m) = 6*m**2 + 4*m - 18. List the prime factors of j(-6).
2, 3, 29
Let g(s) = 2 + 0 - 2 - s. Let z(d) = 5*d + 5. Let k(w) = 4*g(w) + z(w). What are the prime factors of k(5)?
2, 5
Suppose 2 = 3*z + 14. Suppose -x - 3 = -18. What are the prime factors of x/10 - 14/z?
5
Suppose -4*n - 37 = -3*r, -5 - 8 = -2*r + 5*n. List the prime factors of r.
19
Let q be -2 - -37 - (-2)/(-2). Suppose -3*j - j - 19 = -3*n, q = 4*n - j. What are the prime factors of n?
3
Let h = 72 - 21. Suppose 4*k - 84 = -4*p, 2*p + h = 3*k - 2. What are the prime factors of k?
19
Let q(w) = -w**2 - 8*w + 3. Let c be q(-9). Let n be 20/c*27/(-6). Let z = n + -10. List the prime factors of z.
5
Let r be (-1 + 4)/(27/(-306)). Let j = r - -61. What are the prime factors of j?
3
Let d be 6/15 - 48/(-5). Suppose -o = 2*o, 3*g - 12 = -5*o. What are the prime factors of 34/g - (-5)/d?
3
Let k(o) = o**2 + 2*o + 1. Let c be k(-1). Suppose 0 = 4*m - 3*s - c*s - 62, -12 = -m - s. List the prime factors of m.
2, 7
Suppose -11*t + 1023 = -0*t. What are the prime factors of t?
3, 31
Suppose 9*o - 2922 + 375 = 0. List the prime factors of o.
283
Let a(w) = 12*w - 25. What are the prime factors of a(10)?
5, 19
Let f = 117 + -229. Let v = -59 - f. List the prime factors of v.
53
Suppose 5*b + 30 + 45 = 0. Let t = b - -45. Suppose -3*p + t = 3. List the prime factors of p.
3
Let f = -46 - -92. Let s = 82 - f. List the prime factors of s.
2, 3
Suppose 3*z + 1 = 1. Let s(c) be the second derivative of c**5/20 - c**4/12 - c**3/6 + 6*c**2 + c. List the prime factors of s(z).
2, 3
Let c(x) = -2*x + 0 - 1 - 2. List the prime factors of c(-3).
3
Let a(o) = 2*o**2 - 5*o - 7. List the prime factors of a(5).
2, 3
Let y be 24/(-9)*(3 + 0). Let f = 12 + y. Let h = f - -8. List the prime factors of h.
2, 3
Suppose 162 = 5*o - 28. List the prime factors of o.
2, 19
Let x = 0 - -2. Let v(f) = 7 + 9*f - 10*f**2 + x + f**3 - 2 + 4. What are the prime factors of v(9)?
11
Suppose 5*l = -l. Let z be 6/(-4)*-4 - 1. Suppose l*s = -s + z. List the prime factors of s.
5
Suppose 4*y + 3 - 11 = 3*m, -13 = -2*m - y. Suppose a + 3*x - 14 = -x, -a + x + m = 0. List the prime factors of a.
2, 3
Let d = 1 - -2. Let w(m) = -2*m**2 + m**2 + 2*m**2 - d + m. What are the prime factors of w(-4)?
3
Suppose 4*m - 2*m - 30 = -4*g, 5*m + 21 = 2*g. What are the prime factors of g?
2
Let q(p) be the second derivative of -p**4/12 + 4*p**3/3 - 5*p**2 - 2*p. Let o be q(7). What are the prime factors of (10/(-8))/(o/12)?
5
What are the prime factors of 230/7 + (-1)/(-7)?
3, 11
Let g(c) = -29*c**3 + c**2 - 1. List the prime factors of g(-1).
29
Let p(q) = -q**2 - 10*q + 9. Let x(b) = -2*b**2 - 8*b - 10. Let m be x(-4). What are the prime factors of p(m)?
3
Let y(i) = i**3 - 2*i**2 - 3*i. Let x be y(3). Suppose b - 3*b + 14 = x. List the prime factors of b.
7
Let y be (-10)/2*(-6)/10. Suppose h - 6 = t, -7*h + y*h = -2*t - 28. List the prime factors of 19/4 - (-2)/h.
5
Suppose 0 = -4*x - 0 - 4. List the prime factors of -1 + x + 1 - -16.
3, 5
Let m(z) = -3*z - 9. Let k = -7 - 0. List the prime factors of m(k).
2, 3
Suppose s - 60 = -4*a, s - 2*a = 2*s - 50. What are the prime factors of s?
2, 5
Suppose 4*v = x + 16, 6 = -2*x - 3*v - 4. What are the prime factors of 2/8 - 142/x?
2, 3
Let c = 8 + -3. Suppose -4*q - c*a = 73, -q + a = 4 + 12. Let g = q - -27. What are the prime factors of g?
2, 5
Let o = -2 - -5. Suppose 0 = -a + o + 1. Suppose 5*s + 5*k - 80 = 0, 0 = a*s - k - 0*k - 39. List the prime factors of s.
11
Let t = -28 + 61. List the prime factors of t.
3, 11
Let d(r) = 6*r + 3. Let l(z) = 7*z + 4. Let m(j) = -3*d(j) + 2*l(j). Let c be m(-3). Suppose 0 = -3*a + 4*a - c. What are the prime factors of a?
11
Suppose 0 = -6*r + 28 + 878. List the prime factors of r.
151
Let s = 118 + -83. What are the prime factors of s?
5, 7
Let r = 63 + 13. What are the prime factors of r?
2, 19
Suppose 626 + 431 = 7*w. What are the prime factors of w?
151
Suppose 0 = -5*b + 17 - 2. Let k = -1 + b. List the prime factors of (-2)/(2*k/(-18)).
3
What are the prime factors of 16 - (3 + -7 + 7)?
13
Suppose -s + 4*h = -240, 0 = -2*s + 5*h + 269 + 217. List the prime factors of s.
2, 31
Let s be 133 + (-1 - 2) + 0. Suppose 2*u - s = -3*u. What are the prime factors of u?
2, 13
Let b(g) = -g**3 - 9*g**2 - 9*g - 6. Let r be b(-8). Let t(k) = 2*k + 1. List the prime factors of t(r).
5
Let q = 2 - 4. List the prime factors of q - (3 - (34 + 2)).
31
Let r be 4/8 + (-5)/(-2). Suppose -11 = -r*c + 1. What are the prime factors of c?
2
Let o be (-5)/4*40/(-10). Suppose -o*f = -5 - 50. What are the prime factors of f?
11
Suppose -43 = -4*d - 0*a - 3*a, 2*d - 5*a + 11 = 0. Suppose 3*g - d*g + 52 = 0. List the prime factors of g.
13
Let z(l) = 3*l**2 + 2*l + 1. Let h be z(-1). Let y = h + 3. Suppose -y*d + 45 = -3*r, -5*r + 3 - 16 = 2*d. List the prime factors of d.
2, 3
Let u be (-518)/(-5) - (-27)/(-45). Let a = -48 + u. What are the prime factors of a?
5, 11
Suppose -6*a - 2751 = -13*a. List the prime factors of a.
3, 131
Let g(l) = -l + 16. What are the prime factors of g(-14)?
2, 3, 5
Suppose 3*v = x - 16, -2*x + 5*x - 2*v - 34 = 0. What are the prime factors of (-13)/(-5) - (-4)/x?
3
Let t = -725 + 1061. List the prime factors of t.
2, 3, 7
Let a = 307 - 129. List the prime factors of a.
2, 89
Suppose -8 = -0*s - 4*s. Let d = -5 + s. Let f = 7 + d. List the prime factors of f.
2
Suppose 0*d + 5*m = d - 12, -5*d = -5*m - 20. List the prime factors of d/3 + 28/12.
3
Let x(f) = -f + 7. Let t be x(0). Suppose 0 = -p + t - 0. List the prime factors of p.
7
Suppose -3 = 2*s - 9. Suppose 7*b - 20 = s*b. Suppose 0 = -q + 2*i + 6 + 14, -b*q = 3*i - 35. What are the prime factors of q?
2, 5
Suppose 16*d = 11*d + 150. What are the prime factors of d?
2, 3, 5
Let g = -13 - -11. List the prime factors of 0/1 - g - -6.
2
Suppose -5*b + 600 = -f + 6*f, -4 = -2*b. What are the prime factors of f?
2, 59
Suppose -5*l + 265 = -9*i + 14*i, -4*i + 3*l + 240 = 0. What are the prime factors of i?
3, 19
Let b(c) be the third derivative of 5/24*c**4 + 0 - 1/60*c**5 - 2/3*c**3 - 2*c**2 + 0*c. List the prime factors of b(3).
2
Let z be (-28)/10*(3 + -23). Suppose -c - c = -z. List the prime factors of (c/(-6))/(2/(-6)).
2, 7
Let k(l) = -5*l - 49. What are the prime factors of k(-15)?
2, 13
Let n(y) = -2*y - 1. List the prime factors of n(-6).
11
Let o be (-1)/((-23)/(-24) + -1). Suppose -3*j + o = -j. List the prime factors of j.
2, 3
Let x = 22 - 11. What are the prime factors of x?
11
Suppose -4*m + j = 5*j + 116, -m - 26 = 4*j. Let 